11 - 13) + -17 - (50 + -25 + -12)
-32
Evaluate 50 + (3 - 26) - (-27 + 23).
31
What is (-4 + -2 - -11 - (-25 - -31)) + -60?
-61
What is the value of -18 + (-5 - -5 - 8) + -46?
-72
Evaluate (54 + 0 - (-1041 - -1079)) + (-92 - -1).
-75
467 + -479 + (-2 + 4 + -2 - (-1 - 7))
-4
What is the value of 8 + 10 - (-14 + 3 - -57)?
-28
What is -63 + 55 + (-1 - -51) - 9?
33
What is -7 + -77 - ((32 - 45) + -17)?
-54
Calculate 137 - (23 - -40) - (15 - 0).
59
Evaluate (-21 - -18 - (-11 + (-2 - -6) - -6)) + 76.
74
What is the value of (-298 - -135) + 322 - 85?
74
Calculate (-28 - 0 - (102 - 134)) + -66.
-62
What is the value of (-33 - (0 + 11)) + -14?
-58
Calculate (3 - 19 - 39) + (-10 - (-32 + 14)).
-47
What is the value of (-6 - -16) + -39 + 25?
-4
-139 - (37 + -115) - -98
37
What is the value of 29 - (7 + -9 + 13 + -15)?
33
Evaluate -1 - -7 - ((-17 - -1) + -1432 + 1413).
41
What is (-32 - (24 - 40 - (-8 - -8))) + 8?
-8
Evaluate (-54 - -52) + -38 - ((4 - 0) + (2 - 17)).
-29
Calculate 46 + -52 + 51 + -35.
10
Evaluate -36 - -24 - (15 + (2 - 4 - 1) + -2).
-22
Calculate 135 + 20 + -83 - 33.
39
What is (1 - -15) + (-16 - (-2 + -16) - 7)?
11
What is -108 - ((-224 - -94) + -84)?
106
Evaluate (-3 - 28 - (102 - 97)) + -2.
-38
-72 + 103 + -90 + 93
34
What is 1 + (19 - 0) + (24 + 45 - 70)?
19
Evaluate -11 + (-5 - -8) + 351 + -331 - (0 + -34).
46
(-52 - -65 - (13 - -8)) + -19
-27
What is the value of 54 - (153 + -9) - (-20 - -4)?
-74
What is the value of (-2283 - -2262) + 25 + -1 + (-13 - 1)?
-11
Evaluate -8 + -3 + 58 + -37 - (3 + (20 - 0)).
-13
Calculate -10 - (38 + -148 - (-4 - -1 - (3 - -2))).
92
What is -27 - ((-21 + -24 - -7) + -26)?
37
(2 + 0 - 0) + 1 - (2475 + -2432)
-40
Calculate -219 + 256 - (18 - -24).
-5
Evaluate (-32 - (-36 - 11)) + -33.
-18
Evaluate 53 - (-65 + 64 + 65).
-11
Calculate (8 + 13 - (23 - 8) - (0 - 24)) + -9.
21
Calculate 15 + (-12 - -3) - (7 + -37 + 4).
32
What is -3 + (1 + (15 - -8) - 40) - -22?
3
What is the value of -50 + (115 - 60) + 4 + 0 + 7 + -140?
-124
What is -407 + 413 + 1 + (-3 - 13) + -8 + -3?
-20
What is -55 + (-11 + -2 - -64)?
-4
What is the value of 3 + (-22 - (-23 - -19)) - -16?
1
What is the value of 16 - (-31 + 24 + -24 - -106)?
-59
What is the value of -2 + -5 - ((-56 - -76) + 32)?
-59
Evaluate -1 - (12 + 9 + -43 + 4).
17
What is the value of (-48 - 0) + (12 - (22 - 4) - -9)?
-45
Evaluate (9 - 16 - -4) + (-3 - (25 + (2 - 4))).
-29
Evaluate -22 + 15 + (10 - (14 - 9)) + 35.
33
165 + 17 + -56 - (-3 + -1 - -19)
111
What is the value of 2 + 8 - -37 - 75?
-28
Evaluate -449 + 487 + -24 + -3 + (-1 - -24).
34
What is (-3 - -3) + -1 + 9 + (11 - (50 + -14))?
-17
What is -6 + 11 + -20 - 15?
-30
Calculate 12 + -12 - (-8 + (-7 - 3)) - 18.
0
What is (2 - -1) + -85 - (37 - (25 - -14))?
-80
Evaluate 51 + (36 - 69) + -27 + -11.
-20
3548 - 3602 - (-1 + -50)
-3
What is -21 - -38 - (2 + 6 + -4)?
13
(752 - 768) + -5 + -5 + 25
-1
Evaluate 51 + -46 - (-24 - (-19 + 13)).
23
What is the value of -54 + (14 - (-15 - -54)) + -22?
-101
-9 + 0 + 34 + 9 + -17 + 2 + 20
39
3 + -1 + -1 + 14 - 39
-24
What is the value of (16 - 36) + 35 - 59?
-44
What is the value of 20 + (46 - 35 - 12) - (0 - 10)?
29
Evaluate -21 + 17 + -45 + -6 + -1 + 6.
-50
What is 0 + 34 - ((-76 - -43) + (-6 - -51))?
22
What is the value of 54 + (66 - (-100 + 110))?
110
Calculate 27 + (-37 - -39) + (40 - 19).
50
What is the value of -41 - (-3 + 8 + -9) - (2 + -2 + -1)?
-36
1 + 12 - (43 - 47) - (212 + -103)
-92
What is the value of -33 + (39 - 3) + 27?
30
Calculate 74 + -6 + -70 - -28.
26
Calculate 2164 + -2200 - (-3 + 0 - -30).
-63
-1 - -105 - -1 - (203 - (-6 + 203))
99
What is the value of -120 - -194 - (15 + -8 + 10)?
57
What is (-3 - -22) + -42 - 2?
-25
Evaluate 97 + 2 + (1807 - 1877).
29
What is the value of (3236 - 3304) + (0 - -1) + -3?
-70
What is the value of 7 + (-35 - (-10 - -35)) + 1 + -1 + -6?
-59
Evaluate -154 + 164 - (-4 + 11 + -46).
49
Evaluate (14 - 4 - 0) + 0 - (-3 + 2 - -9).
2
What is the value of 35 + (127 - (-111 - -179))?
94
Evaluate -29 + -18 + 32 + 13 + 1 - 8 - 19.
-28
What is (-1041 - -1025) + (3 - 17)?
-30
What is the value of 22 + (-49 + -125 - -54)?
-98
What is the value of -23 + -4 + (-1 + 41 - -35)?
48
What is (14 + -16 - 16 - (2 - 4)) + 1 + -1?
-16
-16 + 79 + -82 - (3 + -86)
64
Evaluate -7 + 36 + (0 - 3) - (102 - 104).
28
Calculate (13 - 4) + (-15 - 8) + -7 + 10 - 87.
-98
What is 53 - -6 - -2 - (299 + -311)?
73
Evaluate -4 - (8 - (9 + (17 - -11) - -2)).
27
4 - (3 - 0) - (32 + 25 + -108 + 18)
34
What is -63 - -76 - (0 - 36 - 5) - -7?
61
What is the value of -51 - (28 - -38) - -41?
-76
(-26 - (-83 + -22) - 5) + 17
91
What is the value of -131 + -29 + -28 + 100?
-88
-183 + (399 - 250) + -1 + 0 + 1
-34
4 - ((12 - 1) + 88 + (-170 - -46))
29
Evaluate 98 + -64 + -6 + -22.
6
What is the value of 109 - (-124 + -8 - -121)?
120
Evaluate 1 + -8 + -14 - (-26 + 81) - 21.
-97
What is (-3 + -6 - (2 + -19)) + (-203 - -204)?
9
Evaluate -17 + (-15 - (26 + -88) - 16).
14
Calculate (-69 - (0 - 11 - 2)) + 9 - -10.
-37
What is the value of (1674 - 1674) + 77 + 1 + -5?
73
What is the value of 62 - 2 - (-3 - (9 + -28))?
44
Evaluate -98 + 85 + (147 - 55).
79
What is 261 - (454 + -178) - (1 + -1 + -64)?
49
What is (38 + 62 - -105) + -86?
119
70 + 2 + -21 + -22 + 4 + 5
38
Calculate 53 - (-3 + 1 - (23 - (1 + 19))).
58
What is the value of (7 + 69 - 64) + (1 - 2 - -14)?
25
Evaluate (-38 - (0 - 1)) + 934 + -941.
-44
Evaluate (-2 - -4) + -8 + (-3603 - -3631).
22
What is the value of (-1 - (-13 + 3)) + (-22 - -9) + 6?
2
Calculate 1 + 249 + 29091 + -29249.
92
What is the value of -1585 + 1557 - (1 - 10)?
-19
Calculate 46 + 4 - (89 + -111).
72
What is the value of 67 + -125 - -66 - (4 + -18)?
22
What is (12 - -6) + -283 + 210?
-55
What is the value of -1 + (0 - 2) - (128 - 127) - (153 - 48)?
-109
3 + 5 + 27 + -49 + 55
41
Evaluate (119 - 93 - (12 - -1) - -27) + 5.
45
What is the value of (36 + -22 - 17) + (3 - -52)?
52
Calculate 5 - (29 - ((-54 - 4) + 9)).
-73
(2 - 3 - (2 + -99 + -83 + 86)) + 7
100
42 - (38 + -24 + 42)
-14
Evaluate (2181 - 2220) + 1 + 0 + 2.
-36
5 + -13 + 4 + (-7 - (39 - (2 + -10)))
-58
What is -1 + (4 + -119 - -5) - (-312 + 303) - 1?
-103
Calculate (27 - 49) + -21 + 29.
-14
What is the value of 73 + 9 + (-8 - 85)?
-11
Calculate -2 - -5 - 3 - -1 - 36 - (-400 - -401).
-36
Calculate -16 + 9 + (13 - (27 + -11) - 1).
-11
31 - 69 - -36 - -25
23
What is (107 - 125) + (-1 - -93) - 19 - (2 + -7)?
60
What is 18 + 0 + -19 + 11 + 1 + (2 - 58)?
-45
What is the value of -54 + 7 + -86 + 99 + -1 + 1?
-34
Calculate 38 + -29 + 38 + -35 - 26.
-14
26 + -275 + (240 - 141)
-150
What is (-40 + 47 - -3) + -36?
-26
What is the value of 0 - 63 - (2163 + -2162)?
-64
374 + -779 - -412 - (10 + 0 + -1)
-2
Calculate 56 - (-33 + (21 - 35) + 43).
60
Calculate -64 - (328 - 334 - (0 - 10) - (4 + -12)).
-76
What is the value of (46 - 66 - (-6 + 3 - 29)) + 72?
84
Evaluate -20 + (57 - (39 + -34 + -11)).
43
What is 11 + 1 + (-24 - -16) - (6 - 25)?
23
Calculate (0 - 1) + 0 - (-2 - 0) - (-1877 - -1951).
-73
What is (4 + -90 - (-253 - -258)) + 1?
-90
What is the value of -15 + -25 + -27 + 80?
13
Evaluate -1983 + 1975 - (2 - -30).
-40
(-3 - (19 + -46)) + -2 + -73
-51
14 - (-10 + (-3 + 3 - 4) + 6)
22
What is (-8 - -1 - 1) + (26 + 0 - (2424 - 2393))?
-13
Evaluate -20 + 1 - (8 - (-2 + 21 - 3)).
-11
What is the value of (1 - (3 + -51)) + 1 - (-29 + -5 + 43)?
41
What is the value of -39 - (10 - (61 + -7))?
5
Evaluate -7 - (8 + -2 + (-13 - 37 - -9) - -8).
20
Calculate -12 - (9 + -5 + 1 + 5 + -14).
-8
Calculate 2 + -25 + (89 - 48).
18
Evaluate (-19 - (18 - 4 - 16)) + (11 - -6).
0
What is 18 - (-47 - -26 - 34) - (0 - -7)?
66
What is the value of -13 - (12 - 9 - 16 - -18 - -10)?
-28
Evaluate -17 - (-7 + -2) - (53 - (-43 - 6)).
-110
Evaluate -32 - (7 - (-11 + (7 - 2) + 9)).
-36
Calculate (91 - 119) + (-18 - 1) + (-79 - -85).
-41
(6 + -8 + (-9 - -6) - 2 - -20) + 84
97
-39 - (-18 - -9) - (0 + -7 + 10)
-33
What is the value of 67 + -59 - (6 - -38)?
-36
(1 + -10 + (-83 - -90) - -10) + -35
-27
-3 - -20 - (-4 - 1 - (146 + -164)) - 98
-94
Evaluate 15 - (0 + -61 + 7 - (4 - 6)).
67
(6 + (-8 - (0 - 1)) - (32 + -38)) + -27
-22
Calculate -26 - (10 + 25 + -65) - (1 + -6).
9
Calculate -12 + (-1 - 1 - -8) + 11 + -31 + 3.
-23
(20 + -22 - (0 - 